{"id":3978,"date":"2023-11-01T18:48:47","date_gmt":"2023-11-01T17:48:47","guid":{"rendered":"https:\/\/gollowers.com\/?post_type=product&#038;p=3978"},"modified":"2023-11-24T15:58:09","modified_gmt":"2023-11-24T14:58:09","slug":"medias-chipaquero","status":"publish","type":"product","link":"https:\/\/gollowers.com\/?product=medias-chipaquero","title":{"rendered":"Medias Chipaquero"},"content":{"rendered":"<p class=\"p1\"><b>Algod\u00f3n peinado 71%<\/b>\u00a0 \u00a0 <b>Elastico 18%<\/b>\u00a0 \u00a0<b>Lycra 11%<\/b><\/p>\n<p class=\"p1\"><i>Dise\u00f1os exclusivos, unidades limitadas.<\/i><\/p>\n<p class=\"p1\"><i>Producto 100% Colombiano.<\/i><\/p>\n","protected":false},"excerpt":{"rendered":"<p class=\"p1\">Unas <b><i>medias infaltables<\/i><\/b> en el ropero de todo <strong>GOLLOWER.\u00a0<\/strong><\/p>\n<p class=\"p1\"><b>\u00abChipaquero\u00bb, el 10 Cardenal<\/b> campe\u00f3n con el equipo capitalino de Colombia.<\/p>\n<p>Un argentino con un pie m\u00e1gico y que marc\u00f3 una era en el equipo Santafere\u00f1o.<\/p>\n","protected":false},"featured_media":3985,"comment_status":"open","ping_status":"closed","template":"","meta":{"_joinchat":[]},"pwb-brand":[220],"product_brand":[],"product_cat":[157],"product_tag":[173,175,171,174,172],"class_list":{"0":"post-3978","1":"product","2":"type-product","3":"status-publish","4":"has-post-thumbnail","6":"pwb-brand-gollowers-store","7":"product_cat-medias","8":"product_tag-chipaquero","9":"product_tag-idolo-cardenal","10":"product_tag-independiente-santa-fe","11":"product_tag-omar-perez","12":"product_tag-santafe","13":"product_shipping_class-medias","15":"first","16":"instock","17":"taxable","18":"shipping-taxable","19":"purchasable","20":"product-type-simple"},"jetpack_sharing_enabled":true,"brands":[{"id":220,"name":"Gollowers Store","slug":"gollowers-store"}],"_links":{"self":[{"href":"https:\/\/gollowers.com\/index.php?rest_route=\/wp\/v2\/product\/3978"}],"collection":[{"href":"https:\/\/gollowers.com\/index.php?rest_route=\/wp\/v2\/product"}],"about":[{"href":"https:\/\/gollowers.com\/index.php?rest_route=\/wp\/v2\/types\/product"}],"replies":[{"embeddable":true,"href":"https:\/\/gollowers.com\/index.php?rest_route=%2Fwp%2Fv2%2Fcomments&post=3978"}],"wp:featuredmedia":[{"embeddable":true,"href":"https:\/\/gollowers.com\/index.php?rest_route=\/wp\/v2\/media\/3985"}],"wp:attachment":[{"href":"https:\/\/gollowers.com\/index.php?rest_route=%2Fwp%2Fv2%2Fmedia&parent=3978"}],"wp:term":[{"taxonomy":"pwb-brand","embeddable":true,"href":"https:\/\/gollowers.com\/index.php?rest_route=%2Fwp%2Fv2%2Fpwb-brand&post=3978"},{"taxonomy":"product_brand","embeddable":true,"href":"https:\/\/gollowers.com\/index.php?rest_route=%2Fwp%2Fv2%2Fproduct_brand&post=3978"},{"taxonomy":"product_cat","embeddable":true,"href":"https:\/\/gollowers.com\/index.php?rest_route=%2Fwp%2Fv2%2Fproduct_cat&post=3978"},{"taxonomy":"product_tag","embeddable":true,"href":"https:\/\/gollowers.com\/index.php?rest_route=%2Fwp%2Fv2%2Fproduct_tag&post=3978"}],"curies":[{"name":"wp","href":"https:\/\/api.w.org\/{rel}","templated":true}]}}